t is the units digit of 93940?
0
What is the thousands digit of 7075808?
5
What is the hundred thousands digit of 7539587?
5
What is the hundreds digit of 1632183?
1
What is the tens digit of 2249505?
0
What is the units digit of 27715561?
1
What is the millions digit of 1391006?
1
What is the hundreds digit of 671422?
4
What is the units digit of 1585866?
6
What is the hundreds digit of 389172?
1
What is the hundred thousands digit of 3639009?
6
What is the millions digit of 22908350?
2
What is the units digit of 2702?
2
What is the thousands digit of 8545088?
5
What is the thousands digit of 1237011?
7
What is the units digit of 13031390?
0
What is the tens digit of 941661?
6
What is the tens digit of 2560596?
9
What is the hundred thousands digit of 904868?
9
What is the ten thousands digit of 474581?
7
What is the thousands digit of 2237563?
7
What is the hundreds digit of 207079?
0
What is the thousands digit of 885910?
5
What is the millions digit of 9837899?
9
What is the hundred thousands digit of 223485?
2
What is the units digit of 558939?
9
What is the hundreds digit of 324972?
9
What is the thousands digit of 151845?
1
What is the thousands digit of 176402?
6
What is the hundreds digit of 38799836?
8
What is the hundred thousands digit of 165607?
1
What is the hundred thousands digit of 14177136?
1
What is the hundred thousands digit of 6660334?
6
What is the thousands digit of 892528?
2
What is the thousands digit of 734180?
4
What is the millions digit of 1920909?
1
What is the ten thousands digit of 273683?
7
What is the ten millions digit of 15120922?
1
What is the tens digit of 191163?
6
What is the units digit of 658049?
9
What is the units digit of 564760?
0
What is the ten thousands digit of 140501?
4
What is the hundreds digit of 1371061?
0
What is the thousands digit of 384998?
4
What is the hundreds digit of 1790177?
1
What is the hundreds digit of 673660?
6
What is the thousands digit of 795807?
5
What is the hundred thousands digit of 6164829?
1
What is the hundred thousands digit of 963931?
9
What is the thousands digit of 710893?
0
What is the thousands digit of 11906249?
6
What is the units digit of 1605326?
6
What is the millions digit of 1368686?
1
What is the units digit of 1085256?
6
What is the ten thousands digit of 452434?
5
What is the ten thousands digit of 257083?
5
What is the hundred thousands digit of 3397553?
3
What is the ten thousands digit of 1697248?
9
What is the tens digit of 779080?
8
What is the ten thousands digit of 2614541?
1
What is the thousands digit of 2418444?
8
What is the millions digit of 2248162?
2
What is the units digit of 11297306?
6
What is the ten thousands digit of 14602748?
0
What is the thousands digit of 3711?
3
What is the tens digit of 874304?
0
What is the tens digit of 127928?
2
What is the hundreds digit of 9920742?
7
What is the ten thousands digit of 2015077?
1
What is the hundreds digit of 5327785?
7
What is the units digit of 724134?
4
What is the hundreds digit of 399479?
4
What is the hundreds digit of 489763?
7
What is the hundred thousands digit of 105698?
1
What is the tens digit of 370552?
5
What is the thousands digit of 181099?
1
What is the millions digit of 5971616?
5
What is the tens digit of 40302?
0
What is the hundred thousands digit of 3269973?
2
What is the hundreds digit of 25435097?
0
What is the units digit of 258666?
6
What is the millions digit of 5514748?
5
What is the hundreds digit of 2117325?
3
What is the thousands digit of 351955?
1
What is the millions digit of 33438107?
3
What is the ten thousands digit of 42611008?
1
What is the hundred thousands digit of 1463611?
4
What is the ten thousands digit of 267834?
6
What is the ten thousands digit of 278550?
7
What is the ten thousands digit of 3475123?
7
What is the tens digit of 797253?
5
What is the hundred thousands digit of 179994?
1
What is the ten thousands digit of 883554?
8
What is the units digit of 580189?
9
What is the units digit of 9610785?
5
What is the thousands digit of 3755309?
5
What is the hundred thousands digit of 10972010?
9
What is the hundreds digit of 9149671?
6
What is the units digit of 686787?
7
What is the hundreds digit of 838100?
1
What is the thousands digit of 105938?
5
What is the hundreds digit of 691031?
0
What is the units digit of 668350?
0
What is the hundreds digit of 835032?
0
What is the tens digit of 410762?
6
What is the millions digit of 1945245?
1
What is the hundreds digit of 283545?
5
What is the units digit of 31590716?
6
What is the ten thousands digit of 1286027?
8
What is the thousands digit of 237103?
7
What is the units digit of 204595?
5
What is the thousands digit of 513736?
3
What is the tens digit of 21839?
3
What is the units digit of 278244?
4
What is the thousands digit of 57851?
7
What is the ten thousands digit of 26277238?
7
What is the thousands digit of 374836?
4
What is the thousands digit of 164725?
4
What is the ten thousands digit of 4738870?
3
What is the hundreds digit of 686370?
3
What is the tens digit of 215147?
4
What is the thousands digit of 425279?
5
What is the units digit of 29537?
7
What is the tens digit of 308799?
9
What is the ten thousands digit of 537909?
3
What is the units digit of 797235?
5
What is the hundreds digit of 925257?
2
What is the tens digit of 83458?
5
What is the hundred thousands digit of 255667?
2
What is the hundred thousands digit of 2029086?
0
What is the hundred thousands digit of 1655964?
6
What is the ten millions digit of 13019179?
1
What is the thousands digit of 88539?
8
What is the hundred thousands digit of 1478290?
4
What is the hundreds digit of 4718845?
8
What is the units digit of 817668?
8
What is the thousands digit of 4668928?
8
What is the hundred thousands digit of 8587516?
5
What is the hundred thousands digit of 398247?
3
What is the units digit of 2029010?
0
What is the hundred thousands digit of 794075?
7
What is the ten millions digit of 25561214?
2
What is the units digit of 591360?
0
What is the thousands digit of 67127?
7
What is the millions digit of 14729014?
4
What is the millions digit of 5663205?
5
What is the hundreds digit of 15493508?
5
What is the units digit of 1523786?
6
What is the ten thousands digit of 2280285?
8
What is the units digit of 6103634?
4
What is the hundred thousands digit of 4574232?
5
What is the hundred thousands digit of 136586?
1
What is the ten thousands digit of 248948?
4
What is the tens digit of 629457?
5
What is the hundred thousands digit of 195150?
1
What is the units digit of 470942?
2
What is the thousands digit of 1127549?
7
What is the ten thousands digit of 427821?
2
What is the hundreds digit of 1371954?
9
What is the millions digit of 2725637?
2
What is the tens digit of 1297635?
3
What is the thousands digit of 463401?
3
What is the tens digit of 81879?
7
What is the tens digit of 5858910?
1
What is the thousands digit of 233509?
3
What is the hundred thousands digit of 1654644?
6
What is the hundreds digit of 104026?
0
What is the thousands digit of 1490163?
0
What is the hundreds digit of 11592089?
0
What is the tens digit of 4566093?
9
What is the ten thousands digit of 771327?
7
What is the hundreds digit of 11607084?
0
What is the hundreds digit of 61470?
4
What is the hundreds digit of 334843?
8
What is the units digit of 893704?
4
What is the hundreds digit of 380033?
0
What is the hundreds digit of 218935?
9
What is the units digit of 6757502?
2
What is the units digit of 4084289?
9
What is the units digit of 708000?
0
What is the millions digit of 24887129?
4
What is the hundred thousands digit of 185315?
1
What is the hundreds digit of 164302?
3
What is the hundreds digit of 125997?
9
What is the hundred thousands digit of 439411?
4
What is the thousands digit of 8836473?
6
What is the ten thousands digit of 180130?
8
What is the hundred thousands digit of 376291?
3
What is the hundreds digit of 841663?
6
What is the tens digit of 1102685?
8
What is the tens digit of 322183?
8
What is the hundred thousands digit of 4873388?
8
What is the hundreds digit of 1794782?
7
What is the units digit of 417263?
3
What is the ten thousands digit of 105647?
0
What is the millions digit of 22125721?
2
What is the